128066?
4
What is the thousands digit of 332365?
2
What is the thousands digit of 88129?
8
What is the hundreds digit of 2365546?
5
What is the ten thousands digit of 5597356?
9
What is the units digit of 33982?
2
What is the tens digit of 957245?
4
What is the hundred thousands digit of 1558153?
5
What is the tens digit of 14387635?
3
What is the ten thousands digit of 16316231?
1
What is the hundred thousands digit of 1763866?
7
What is the hundreds digit of 324937?
9
What is the ten thousands digit of 107653?
0
What is the hundreds digit of 86383?
3
What is the hundreds digit of 4368989?
9
What is the thousands digit of 6101947?
1
What is the thousands digit of 4363702?
3
What is the hundreds digit of 9107?
1
What is the millions digit of 16749649?
6
What is the ten thousands digit of 37934424?
3
What is the ten thousands digit of 1611891?
1
What is the tens digit of 4081119?
1
What is the ten thousands digit of 5011153?
1
What is the units digit of 368083?
3
What is the hundreds digit of 331107?
1
What is the thousands digit of 339316?
9
What is the ten thousands digit of 658878?
5
What is the tens digit of 4972022?
2
What is the ten thousands digit of 950727?
5
What is the millions digit of 8861327?
8
What is the thousands digit of 1307775?
7
What is the millions digit of 13341128?
3
What is the units digit of 3500443?
3
What is the hundreds digit of 12421371?
3
What is the units digit of 8636853?
3
What is the tens digit of 3869039?
3
What is the units digit of 6789110?
0
What is the tens digit of 14881210?
1
What is the ten millions digit of 11631167?
1
What is the units digit of 582435?
5
What is the thousands digit of 458524?
8
What is the ten millions digit of 15770124?
1
What is the tens digit of 870?
7
What is the ten thousands digit of 1696436?
9
What is the ten thousands digit of 4381223?
8
What is the ten thousands digit of 12331232?
3
What is the units digit of 166592?
2
What is the tens digit of 1293681?
8
What is the millions digit of 1319406?
1
What is the ten thousands digit of 234985?
3
What is the hundreds digit of 534346?
3
What is the ten thousands digit of 3263831?
6
What is the tens digit of 199478?
7
What is the millions digit of 1446256?
1
What is the ten millions digit of 26219192?
2
What is the ten thousands digit of 33548?
3
What is the ten thousands digit of 10541662?
4
What is the tens digit of 628222?
2
What is the hundreds digit of 634829?
8
What is the ten thousands digit of 875022?
7
What is the thousands digit of 4867846?
7
What is the hundred thousands digit of 135813?
1
What is the tens digit of 4174865?
6
What is the millions digit of 3033005?
3
What is the hundred thousands digit of 6400021?
4
What is the hundreds digit of 112061?
0
What is the units digit of 1387?
7
What is the millions digit of 21040626?
1
What is the units digit of 359814?
4
What is the units digit of 845761?
1
What is the thousands digit of 8530647?
0
What is the tens digit of 11286977?
7
What is the units digit of 74477?
7
What is the units digit of 2468072?
2
What is the hundreds digit of 2206390?
3
What is the ten thousands digit of 85751?
8
What is the units digit of 252096?
6
What is the millions digit of 3890869?
3
What is the ten thousands digit of 7692824?
9
What is the hundred thousands digit of 14283258?
2
What is the hundreds digit of 43028?
0
What is the units digit of 540824?
4
What is the hundreds digit of 1633363?
3
What is the hundred thousands digit of 1038756?
0
What is the thousands digit of 2698?
2
What is the thousands digit of 1716044?
6
What is the hundreds digit of 8639546?
5
What is the tens digit of 25719?
1
What is the hundreds digit of 2710661?
6
What is the thousands digit of 506539?
6
What is the units digit of 12315278?
8
What is the units digit of 1725144?
4
What is the ten thousands digit of 387580?
8
What is the hundreds digit of 1675739?
7
What is the hundreds digit of 16382262?
2
What is the ten thousands digit of 4078297?
7
What is the hundreds digit of 909858?
8
What is the thousands digit of 18317629?
7
What is the tens digit of 1045316?
1
What is the thousands digit of 472638?
2
What is the units digit of 1143047?
7
What is the units digit of 167460?
0
What is the hundreds digit of 1278559?
5
What is the thousands digit of 297978?
7
What is the ten thousands digit of 191988?
9
What is the hundreds digit of 4241851?
8
What is the hundreds digit of 3288738?
7
What is the hundreds digit of 13198860?
8
What is the hundred thousands digit of 213728?
2
What is the thousands digit of 149573?
9
What is the hundreds digit of 4456731?
7
What is the millions digit of 1773991?
1
What is the hundreds digit of 15885248?
2
What is the tens digit of 9436407?
0
What is the tens digit of 4348271?
7
What is the ten thousands digit of 177019?
7
What is the tens digit of 16325571?
7
What is the tens digit of 87533?
3
What is the thousands digit of 130609?
0
What is the thousands digit of 646493?
6
What is the tens digit of 239081?
8
What is the hundred thousands digit of 37399439?
3
What is the thousands digit of 908917?
8
What is the hundreds digit of 320696?
6
What is the hundred thousands digit of 11494805?
4
What is the ten thousands digit of 11973720?
7
What is the hundred thousands digit of 336380?
3
What is the tens digit of 5728123?
2
What is the hundred thousands digit of 103422?
1
What is the hundreds digit of 306295?
2
What is the tens digit of 476200?
0
What is the ten thousands digit of 1055763?
5
What is the hundreds digit of 11831?
8
What is the hundreds digit of 171340?
3
What is the thousands digit of 468246?
8
What is the units digit of 2357339?
9
What is the thousands digit of 73143?
3
What is the millions digit of 3563034?
3
What is the hundred thousands digit of 2211836?
2
What is the ten thousands digit of 19797?
1
What is the units digit of 492173?
3
What is the ten millions digit of 14538737?
1
What is the millions digit of 3617256?
3
What is the hundred thousands digit of 10582532?
5
What is the tens digit of 45764?
6
What is the thousands digit of 2357654?
7
What is the thousands digit of 7994631?
4
What is the hundreds digit of 129714?
7
What is the hundreds digit of 183345?
3
What is the units digit of 599466?
6
What is the tens digit of 29091?
9
What is the thousands digit of 2245825?
5
What is the units digit of 13247?
7
What is the units digit of 7367206?
6
What is the ten thousands digit of 5766854?
6
What is the tens digit of 249785?
8
What is the hundreds digit of 148257?
2
What is the ten thousands digit of 5863143?
6
What is the units digit of 1726013?
3
What is the tens digit of 6612739?
3
What is the tens digit of 104710?
1
What is the tens digit of 1240653?
5
What is the units digit of 10980207?
7
What is the ten thousands digit of 2699186?
9
What is the tens digit of 11801862?
6
What is the hundreds digit of 585845?
8
What is the tens digit of 201055?
5
What is the tens digit of 4413601?
0
What is the tens digit of 3228476?
7
What is the units digit of 22599506?
6
What is the ten thousands digit of 12687275?
8
What is the units digit of 43884?
4
What is the tens digit of 37260855?
5
What is the thousands digit of 462726?
2
What is the thousands digit of 553856?
3
What is the hundred thousands digit of 2497050?
4
What is the units digit of 1088486?
6
What is the hundred thousands digit of 35106680?
1
What is the ten thousands digit of 8323502?
2
What is the hundred thousands digit of 3160969?
1
What is the hundreds digit of 3873421?
4
What is the hundreds digit of 95466?
4
What is the hundreds digit of 225598?
5
What is the millions digit of 22468785?
2
What is the hundred thousands digit of 331557?
3
What is the units digit of 3298866?
6
What is the hundreds digit of 922336?
3
What is the millions digit of 2778085?
2
What is the hundred thousands digit of 375505?
3
What is the hundreds digit of 1671549?
5
What is the tens digit of 559175?
7
What is the thousands digit of 77951?
7
What is the ten thousands digit of 3758436?
5
What is the ten thousands digit of 330045?
3
What is the millions digit of 13166729?
3
What is the ten thousands digit of 10876807?
7
What is the hundreds digit of 1504984?
9
What is the units digit of 12394?
4
What is the tens digit of 776596?
9
W